 r(j) = c(j) + 5*k(j). Let l be r(4). Give i(l).
2
Let p(c) = -2*c - 1. Let j(i) = 2*i**2 + 4*i + 3. Let s be j(-3). Let g = s - 12. Determine p(g).
5
Let n be ((-10)/8)/(4/16). Let r(z) = z. Let m(o) = -7*o - 7. Let s(d) = m(d) + 5*r(d). Calculate s(n).
3
Let q be -1 + 3/6*-2. Let l(z) = 2*z**3 - 3*z**2 + 5. Let c(h) = -4*h**3 + 5*h**2 - 9. Let a(v) = 6*c(v) + 11*l(v). Calculate a(q).
5
Let y(r) be the third derivative of -r**5/10 - r**3/6 + 42*r**2. Give y(-1).
-7
Let n be ((-6)/5)/(36/(-20) - -2). Let s(u) = -u**2 - 6*u - 3. Give s(n).
-3
Let v(k) = k. Suppose -2*l + 2*u = -28, -5*u - 24 = -3*l + 22. Let m = l + -8. What is v(m)?
4
Let p(c) = 8*c**3 - c. Let j(z) = -z**3 - 5*z**2 + 6*z - 1. Let k be j(-6). What is p(k)?
-7
Let p(y) = -y**2 + 8*y + 13. Let v(g) = -8*g + 1. Let d be v(-1). Give p(d).
4
Let c(p) = -p - 4. Let s(q) = q**3 + q + 16. Let f = -3 - -3. Let h be s(f). Suppose v - a = 1 - 6, 2*a - h = 4*v. Calculate c(v).
-1
Suppose 5*d - 4*g = -g - 1, 0 = -4*d + g + 2. Let h(y) = -y**3 - 2*y**2 + 7*y - 5. Let p(s) = s**3 + s**2 - 3*s + 2. Let v(u) = -3*h(u) - 7*p(u). What is v(d)?
-4
Let l = 16 - 11. Suppose 1 - l = -q. Let y(r) = r**3 - 3*r**2 - 5*r + 6. Calculate y(q).
2
Let j(z) = -z**2 - 12*z - 1. Let c be j(-12). Let r(d) = -2*d + 1. Give r(c).
3
Let p(z) = -z. Let g be p(-2). Let o(n) = 2*n**g - 5*n**2 + 4*n + 2*n**2 + 15 - 7. Give o(6).
-4
Let z(h) be the third derivative of h**5/20 + h**4/6 + h**3/2 + h**2. Let v(d) = d**3 - 17*d**2 - 20*d + 34. Let b be v(18). What is z(b)?
7
Let d(w) be the second derivative of 7*w**3/3 - 29*w**2/2 + 5*w. Let v(z) = 5*z - 10. Let n(i) = 6*d(i) - 17*v(i). What is n(-6)?
2
Let v(m) = 2*m + 5. Let l be v(-5). Let t(c) = 5 - 15*c**3 - 3 + 5*c**2 + 28*c**3 - 12*c**3. Determine t(l).
2
Let n(p) be the first derivative of p**3/2 + p**2/2 + 3*p - 1. Let d(l) be the first derivative of n(l). Determine d(-3).
-8
Let l(p) = p**2 - p + 2. Let d(h) = -6*h**2 + 5*h - 11. Let s(b) = -2*d(b) - 11*l(b). Suppose 5*n - 21 = 4*i, -i - n + 7 = i. Calculate s(i).
2
Let b be 0*(-2 - (-2 + 1)). Suppose -3*v + 5*h + 15 = b, 5*v - 12 - 13 = 5*h. Let x(s) = -v*s + 2 - 3 - 2. What is x(-2)?
7
Let z = 1 + 0. Let u = 3 - 2. Let y(l) = -u + 2*l + 4*l - 2*l. Give y(z).
3
Suppose 3*m = -5*h + m - 4, -3 = 3*h + m. Let l(a) = -4*a - 1. Let o(k) = k + 1. Let t(r) = -l(r) - o(r). Determine t(h).
-6
Let p(m) = -m**2 + 2. Let k be p(0). Let z(o) = -o - 4*o**2 + 5*o**k + 2*o + 3 - 4. Determine z(0).
-1
Suppose 4 = -4*a, 3*f - 2*a = -a + 34. Suppose -2 = 2*p + b + 5, 3*b + f = 4*p. Let m(h) = -3*h + 1. What is m(p)?
4
Let c be 12 - (1 + -7)/(-3). Let h(p) = p**3 - 11*p**2 + 10*p + 3. Let v be h(c). Let l(o) be the first derivative of o**3/3 - 3. Calculate l(v).
9
Let h(g) = g + 7. Suppose 2*a = 5*a - 15. Let p(o) = -o**3 + 5*o**2 - o + 7. Let z be p(a). Let r = z - 6. Calculate h(r).
3
Let f = -47 + 43. Let z(p) = 2 + 4 - 4*p - p**2 + 0. Let c(o) = -o**2 - 4*o + 5. Let k(q) = -6*c(q) + 5*z(q). Determine k(f).
0
Let w(u) = u**3 + 3*u**2 - 2*u + 3. Suppose 5*r = r - 16. Let a be w(r). Let z(b) = -b**2 - 5*b - 6. Determine z(a).
-6
Let i(j) be the first derivative of -j**3/3 - 4*j**2 - 3*j + 8. Calculate i(-5).
12
Let d(r) = 14*r**3 - 9*r**2 - 5*r - 3. Let c(p) = 7*p**3 - 4*p**2 - 2*p - 1. Let x be (-15)/(-6)*(-2)/(-1). Let w(o) = x*c(o) - 2*d(o). Determine w(1).
6
Let l(x) = 11*x**2 - 2*x + 1. Suppose -3*g - 32 = -y, -6*g - 43 = -2*g - y. Let o = g - -12. Determine l(o).
10
Let a(u) be the first derivative of -u**4/4 - 2*u**3/3 + 2*u**2 + 4*u + 11. What is a(-3)?
1
Let t(h) = h**2 - 4*h - 1. Suppose 20 = 7*d - 2*d. Suppose -4*p = -m + 20, -4*m - m - 4*p + d = 0. Determine t(m).
-1
Let d(u) = -u**2 - 5*u + 7. Let a be d(-6). Let v(l) = -3 + 0*l + 9 - a + 5*l - l**3 - 3*l**2. Determine v(-4).
1
Let i(w) = -w**2 - 3*w + 2. Let f(z) = z. Let c(x) = 2*f(x) + i(x). Let d(m) = 2*m**2 + 3*m - 3. Let j(r) = 13*c(r) + 6*d(r). What is j(6)?
2
Let l(x) = -6*x + 5. Let b(d) = 2*d - 2. Let o(m) = -8*b(m) - 3*l(m). Give o(6).
13
Let w be (-2)/9 - 0 - (-114)/27. Let l(o) = o**3 - 3*o**2 - 5*o + 3. Give l(w).
-1
Let s = -17 - -5. Let b be (s/(-10))/((-10)/25). Let r(k) = 3*k + 1 - 5*k - k**2 + 0*k**2. Give r(b).
-2
Let g(x) = 8*x - 1. Let k(m) = 2*m - 12. Let p be k(10). Suppose -y = 4*j + y + 10, 5*j - 2*y + p = 0. Let c be 1*3 - (0 - j). What is g(c)?
7
Let u(c) = -c**2 - 8*c - 6. Let i be (-7 - 0) + -4 + 6. What is u(i)?
9
Let j(v) = v**3 - 6*v**2 - v + 8. Let b be j(6). Let c(t) = 6 - t**3 - 3 + t**2 + t**2 - 2*t. What is c(b)?
-1
Let j = -6 - -1. Let h(l) = l - 1. Let f be h(j). Let m(t) = t**3 + 6*t**2 + t. What is m(f)?
-6
Suppose -3*c + 2 + 22 = 0. Let n(l) = -l**3 + 8*l**2 + l - 1. What is n(c)?
7
Let r(x) = x**2 + 9*x - 4. Let v be r(-9). Let g = -12 + 7. Let h = v - g. Let w(b) = -b + 1. Calculate w(h).
0
Let r be 2 + 1 + -2 + 3. Let v(k) = r*k + 3 + 3*k - 4*k - 2*k. Let s(w) = -w**2 + 7*w - 9. Let o be s(6). Calculate v(o).
0
Let z(x) be the third derivative of -x**5/60 - x**4/3 - x**3 - 5*x**2. Give z(-6).
6
Let c(s) = -s**3 + 2*s**2 + s + 3. Let v be c(3). Let j(r) = r**3 + 3*r**2 - 4*r - 3. Let d be j(-3). Let p(y) = -3 - 4 - y**2 + d. Determine p(v).
-7
Let k(j) = 8*j**2 + 41*j - 13. Let c(l) = 3*l**2 + 14*l - 4. Let g(w) = -11*c(w) + 4*k(w). Give g(8).
8
Let b(j) = 2*j**2 + 6*j - 13. Let x be b(-5). Let d(z) = z**2 - 7*z + 2. Calculate d(x).
2
Suppose 3*f - 9 = d - 2*d, 0 = 2*d - f - 4. Let x(t) = -d*t - 3 + 4 + 3*t - 2*t. Calculate x(-2).
5
Suppose -3*l + z - 1 = 0, 2*l - 2 - 1 = -3*z. Let r(q) = -q + 0*q + 2*q + l + 1. What is r(1)?
2
Let u(b) = -3*b - 1. Let p be u(-1). Suppose -8 + p = -3*i. Let h(x) = -2*x**2 - 2. What is h(i)?
-10
Let g(m) = -m**2 + 9*m - 3. Let z(a) = -2*a**2 + 10*a - 4. Let d(v) = -3*g(v) + 2*z(v). What is d(-6)?
7
Let i(x) = -21 + 21*x - 9*x**2 + x**2 - 3*x**2. Let y(r) = -4*r**2 - 10 + 16*r - 6*r - r**2. Let v(t) = 6*i(t) - 13*y(t). Give v(-5).
-1
Let t(k) be the second derivative of k**5/20 - k**4/6 + k**3/3 + 2*k. Let a be t(2). Let j(q) = q**2 - q - 2. What is j(a)?
10
Let r be (-10)/3*(-12)/10. Let m(h) = h**2 - 3*h - 1. Let t be m(r). Let i(z) = -z**2 + 3*z - 1. What is i(t)?
-1
Let s(f) = 4*f - 3. Let d be s(2). Let c(z) be the first derivative of z**4/4 - 5*z**3/3 - 3*z - 5. Determine c(d).
-3
Let q(n) = -n + 2. Let h be 2/(-4)*(5 - 5). Suppose -5*k - 4*r = -7, -4*k + h*k + 14 = -r. Determine q(k).
-1
Let v(o) = o**2 - 7*o - 5. Let r be v(8). Let z(x) = -x**r + 7*x**3 - 2*x - x**2 - 4*x**3 - 1. Give z(-1).
-2
Let b(u) = -6*u - 4. Let f(l) = 7*l + 5. Let a(n) = 2*n**3 + 2*n**2 - 2*n + 1. Let s be a(1). Let p(t) = s*f(t) + 4*b(t). Determine p(1).
-4
Let m(a) be the first derivative of -a**4/4 - 13*a**3/3 - 11*a**2/2 + 14*a + 4. Let p be m(-12). Let n(r) = 4*r. What is n(p)?
8
Let u(m) = m**2 + m + 7. Suppose -3*p - 2*q = 10, -7*q - 25 = -p - 2*q. Give u(p).
7
Let l be 1 - 3*(-4 + 3). Let v(g) = g**2 - 5*g + 6. Let f be v(l). Let q(b) = b - 3*b**2 - 4*b + 3*b**f - 5 + b**2. Determine q(4).
-1
Let a(w) be the second derivative of w**5/20 + 5*w**4/12 + w**3/3 + 3*w**2 + 2*w. Suppose 5*f = 4*t + 35, 2*f + f - 29 = 4*t. What is a(t)?
-4
Let i(l) = -2*l**2 - 4*l - 4. Let w(k) = -k**2. Let p(y) = i(y) - 3*w(y). Suppose -n = 4*n + 20. Let h be (-7 - -1)/(6/n). Calculate p(h).
-4
Let d(j) = 2*j**3 - 2*j**2 + j - 2. Let i = 14 - 11. Suppose 0 = -i*r + 24 - 0. Suppose 2*u - 6 = -2*o, 5*o - r = -u + 3. Determine d(o).
8
Let z = -8 - -3. Let m(s) = -6*s + 6 + 5*s - 4*s + 4*s**2 + s**3. Give m(z).
6
Let q(n) = 5*n - 5 + 19*n**2 - 6*n**2 - 12*n**2. Determine q(-6).
1
Let x(p) = -p**2 + 7*p - 7. Let a = -35 - -40. What is x(a)?
3
Let f(o) = 2*o**2 + 12*o - 1. Let x(c) = -c**2 - 6*c + 1. Let i(j) = -3*f(j) - 5*x(j). What is i(-5)?
3
Let k(r) = -2*r - 2. Suppose 0 = m - 3*f - 2, 4*m - f + 5*f - 8 = 0. Give k(m).
-6
Let p be 4/16 + 1/(-4). Let y(f) = -f**2 + f - 1. Give y(p).
-1
Let y(c) = -c**3 - 7*c**2 - 7*c - 4. Suppose -14 = 4*s - 2*a, a + 26 = -s - 3*a. Determine y(s).
2
Let p(g) be the third derivative of -g**4/24 + g**3/6 + 2*g**2 - 8. Suppose -4*y + 17 = 1, 3*y - 8 = -4*s. Let a be s*((-4)/(-2) + -4). What is p(a)?
-1
Suppose t + 9 = 5*z - 5, -5*t - z = -8. Let q(f) = 1. Let g(y) = -y - 4. Let c(n) = -3*g(